{"id":176,"date":"2022-05-11T00:45:39","date_gmt":"2022-05-11T00:45:39","guid":{"rendered":"https:\/\/sosalanfamar.com.br\/site\/?page_id=176"},"modified":"2024-10-21T22:13:12","modified_gmt":"2024-10-21T22:13:12","slug":"qualidade","status":"publish","type":"page","link":"https:\/\/sosalanfamar.com.br\/site\/qualidade\/","title":{"rendered":"Qualidade"},"content":{"rendered":"\t\t<div data-elementor-type=\"wp-page\" data-elementor-id=\"176\" class=\"elementor elementor-176\" data-elementor-post-type=\"page\">\n\t\t\t\t\t\t<section class=\"elementor-section elementor-top-section elementor-element elementor-element-4a0c4944 elementor-section-boxed elementor-section-height-default elementor-section-height-default\" data-id=\"4a0c4944\" data-element_type=\"section\" data-settings=\"{&quot;background_background&quot;:&quot;classic&quot;,&quot;shape_divider_bottom&quot;:&quot;drops&quot;}\">\n\t\t\t\t\t<div class=\"elementor-shape elementor-shape-bottom\" data-negative=\"false\">\n\t\t\t<svg xmlns=\"http:\/\/www.w3.org\/2000\/svg\" height=\"100%\" viewBox=\"0 0 283.5 27.8\" preserveAspectRatio=\"xMidYMax slice\">\n\t<path class=\"elementor-shape-fill\" d=\"M0 0v1.4c.6.7 1.1 1.4 1.4 2 2 3.8 2.2 6.6 1.8 10.8-.3 3.3-2.4 9.4 0 12.3 1.7 2 3.7 1.4 4.6-.9 1.4-3.8-.7-8.2-.6-12 .1-3.7 3.2-5.5 6.9-4.9 4 .6 4.8 4 4.9 7.4.1 1.8-1.1 7 0 8.5.6.8 1.6 1.2 2.4.5 1.4-1.1.1-5.4.1-6.9.1-3.7.3-8.6 4.1-10.5 5-2.5 6.2 1.6 5.4 5.6-.4 1.7-1 9.2 2.9 6.3 1.5-1.1.7-3.5.5-4.9-.4-2.4-.4-4.3 1-6.5.9-1.4 2.4-3.1 4.2-3 2.4.1 2.7 2.2 4 3.7 1.5 1.8 1.8 2.2 3 .1 1.1-1.9 1.2-2.8 3.6-3.3 1.3-.3 4.8-1.4 5.9-.5 1.5 1.1.6 2.8.4 4.3-.2 1.1-.6 4 1.8 3.4 1.7-.4-.3-4.1.6-5.6 1.3-2.2 5.8-1.4 7 .5 1.3 2.1.5 5.8.1 8.1s-1.2 5-.6 7.4c1.3 5.1 4.4.9 4.3-2.4-.1-4.4-2-8.8-.5-13 .9-2.4 4.6-6.6 7.7-4.5 2.7 1.8.5 7.8.2 10.3-.2 1.7-.8 4.6.2 6.2.9 1.4 2 1.5 2.6-.3.5-1.5-.9-4.5-1-6.1-.2-1.7-.4-3.7.2-5.4 1.8-5.6 3.5 2.4 6.3.6 1.4-.9 4.3-9.4 6.1-3.1.6 2.2-1.3 7.8.7 8.9 4.2 2.3 1.5-7.1 2.2-8 3.1-4 4.7 3.8 6.1 4.1 3.1.7 2.8-7.9 8.1-4.5 1.7 1.1 2.9 3.3 3.2 5.2.4 2.2-1 4.5-.6 6.6 1 4.3 4.4 1.5 4.4-1.7 0-2.7-3-8.3 1.4-9.1 4.4-.9 7.3 3.5 7.8 6.9.3 2-1.5 10.9 1.3 11.3 4.1.6-3.2-15.7 4.8-15.8 4.7-.1 2.8 4.1 3.9 6.6 1 2.4 2.1 1 2.3-.8.3-1.9-.9-3.2 1.3-4.3 5.9-2.9 5.9 5.4 5.5 8.5-.3 2-1.7 8.4 2 8.1 6.9-.5-2.8-16.9 4.8-18.7 4.7-1.2 6.1 3.6 6.3 7.1.1 1.7-1.2 8.1.6 9.1 3.5 2 1.9-7 2-8.4.2-4 1.2-9.6 6.4-9.8 4.7-.2 3.2 4.6 2.7 7.5-.4 2.2 1.3 8.6 3.8 4.4 1.1-1.9-.3-4.1-.3-6 0-1.7.4-3.2 1.3-4.6 1-1.6 2.9-3.5 5.1-2.9 2.5.6 2.3 4.1 4.1 4.9 1.9.8 1.6-.9 2.3-2.1 1.2-2.1 2.1-2.1 4.4-2.4 1.4-.2 3.6-1.5 4.9-.5 2.3 1.7-.7 4.4.1 6.5.6 1.5 2.1 1.7 2.8.3.7-1.4-1.1-3.4-.3-4.8 1.4-2.5 6.2-1.2 7.2 1 2.3 4.8-3.3 12-.2 16.3 3 4.1 3.9-2.8 3.8-4.8-.4-4.3-2.1-8.9 0-13.1 1.3-2.5 5.9-5.7 7.9-2.4 2 3.2-1.3 9.8-.8 13.4.5 4.4 3.5 3.3 2.7-.8-.4-1.9-2.4-10 .6-11.1 3.7-1.4 2.8 7.2 6.5.4 2.2-4.1 4.9-3.1 5.2 1.2.1 1.5-.6 3.1-.4 4.6.2 1.9 1.8 3.7 3.3 1.3 1-1.6-2.6-10.4 2.9-7.3 2.6 1.5 1.6 6.5 4.8 2.7 1.3-1.5 1.7-3.6 4-3.7 2.2-.1 4 2.3 4.8 4.1 1.3 2.9-1.5 8.4.9 10.3 4.2 3.3 3-5.5 2.7-6.9-.6-3.9 1-7.2 5.5-5 4.1 2.1 4.3 7.7 4.1 11.6 0 .8-.6 9.5 2.5 5.2 1.2-1.7-.1-7.7.1-9.6.3-2.9 1.2-5.5 4.3-6.2 4.5-1 7.7 1.5 7.4 5.8-.2 3.5-1.8 7.7-.5 11.1 1 2.7 3.6 2.8 5 .2 1.6-3.1 0-8.3-.4-11.6-.4-4.2-.2-7 1.8-10.8 0 0-.1.1-.1.2-.2.4-.3.7-.4.8v.1c-.1.2-.1.2 0 0v-.1l.4-.8c0-.1.1-.1.1-.2.2-.4.5-.8.8-1.2V0H0zM282.7 3.4z\"\/>\n<\/svg>\t\t<\/div>\n\t\t\t\t\t<div class=\"elementor-container elementor-column-gap-wide\">\n\t\t\t\t\t<div class=\"elementor-column elementor-col-100 elementor-top-column elementor-element elementor-element-583b2b1f\" data-id=\"583b2b1f\" data-element_type=\"column\">\n\t\t\t<div class=\"elementor-widget-wrap elementor-element-populated\">\n\t\t\t\t\t\t<div class=\"elementor-element elementor-element-2864e471 elementor-widget elementor-widget-heading\" data-id=\"2864e471\" data-element_type=\"widget\" data-widget_type=\"heading.default\">\n\t\t\t\t<div class=\"elementor-widget-container\">\n\t\t\t<h1 class=\"elementor-heading-title elementor-size-default\">Qualidade<\/h1>\t\t<\/div>\n\t\t\t\t<\/div>\n\t\t\t\t\t<\/div>\n\t\t<\/div>\n\t\t\t\t\t<\/div>\n\t\t<\/section>\n\t\t\t\t<section class=\"elementor-section elementor-top-section elementor-element elementor-element-5b0d2157 elementor-section-boxed elementor-section-height-default elementor-section-height-default\" data-id=\"5b0d2157\" data-element_type=\"section\">\n\t\t\t\t\t\t<div class=\"elementor-container elementor-column-gap-wide\">\n\t\t\t\t\t<div class=\"elementor-column elementor-col-100 elementor-top-column elementor-element elementor-element-54043838\" data-id=\"54043838\" data-element_type=\"column\">\n\t\t\t<div class=\"elementor-widget-wrap elementor-element-populated\">\n\t\t\t\t\t\t<div class=\"elementor-element elementor-element-05d58b2 elementor-widget elementor-widget-text-editor\" data-id=\"05d58b2\" data-element_type=\"widget\" data-widget_type=\"text-editor.default\">\n\t\t\t\t<div class=\"elementor-widget-container\">\n\t\t\t\t\t\t\t<p><img fetchpriority=\"high\" decoding=\"async\" class=\"size-full wp-image-152 alignright\" src=\"https:\/\/sosalanfamar.com.br\/site\/wp-content\/uploads\/2022\/05\/armazem3-300x200-1.jpeg\" alt=\"\" width=\"300\" height=\"200\" \/>Temos um processo implantado e documentado de treinamento e de boas praticas de opera\u00e7\u00e3o e funcionamento que tem por objetivo a conscientiza\u00e7\u00e3o e o comportamento do pessoal para as realiza\u00e7\u00f5es de trabalho que v\u00e1 de encontro com as necessidades de assegurarmos aos nossos clientes produtos e servi\u00e7os de qualidade.<br \/>Partindo do princ\u00edpio que nossos produtos j\u00e1 s\u00e3o enviados embalados e selados e com seus respectivos laudos t\u00e9cnicos e certificados de qualidade com as informa\u00e7\u00f5es necess\u00e1rias para sua identifica\u00e7\u00e3o como segue:<\/p><ul><li title=\"\" data-original-title=\"\">Nome e Endere\u00e7o do Fabricante.<\/li><li title=\"\" data-original-title=\"\">Datas de Fabrica\u00e7\u00e3o e Validade.<\/li><li title=\"\" data-original-title=\"\">Nome do produto e seu respectivo lote.<\/li><li title=\"\" data-original-title=\"\">Analise F\u00edsico-qu\u00edmico.<\/li><li title=\"\" data-original-title=\"\">Fichas de Seguran\u00e7as (com risco de inc\u00eandio, toxicol\u00f3gico e de transporte).<\/li><li title=\"\" data-original-title=\"\">Dados Organol\u00e9pticos e tipos de embalagem.<\/li><li title=\"\" data-original-title=\"\">Documentos de Certifica\u00e7\u00e3o e Controles de \u00f3rg\u00e3os do Minist\u00e9rio da Sa\u00fade, Agricultura e Pecu\u00e1ria.<\/li><\/ul><p>Com todas estas garantias, a SOSAL ANFAMAR tem \u00a0obriga\u00e7\u00e3o de dar seguran\u00e7a \u00e0 nossos clientes pois nossos produtos j\u00e1 s\u00e3o homologados pelos respectivos fabricantes, desde sua coleta, moagem, an\u00e1lise e envase at\u00e9 o seu destino final (desde que n\u00e3o seja violado ap\u00f3s sua coleta em nossas instala\u00e7\u00f5es).<\/p><h5>\u00a0<\/h5>\t\t\t\t\t\t<\/div>\n\t\t\t\t<\/div>\n\t\t\t\t\t<\/div>\n\t\t<\/div>\n\t\t\t\t\t<\/div>\n\t\t<\/section>\n\t\t\t\t<\/div>\n\t\t","protected":false},"excerpt":{"rendered":"<p>Qualidade Temos um processo implantado e documentado de treinamento e de boas praticas de opera\u00e7\u00e3o e funcionamento que tem por objetivo a conscientiza\u00e7\u00e3o e o comportamento do pessoal para as realiza\u00e7\u00f5es de trabalho que v\u00e1 de encontro com as necessidades de assegurarmos aos nossos clientes produtos e servi\u00e7os de qualidade. Partindo do princ\u00edpio que nossos &hellip;<\/p>\n<p class=\"read-more\"> <a class=\"\" href=\"https:\/\/sosalanfamar.com.br\/site\/qualidade\/\"> <span class=\"screen-reader-text\">Qualidade<\/span> Leia mais &raquo;<\/a><\/p>\n","protected":false},"author":1,"featured_media":0,"parent":0,"menu_order":0,"comment_status":"closed","ping_status":"closed","template":"elementor_header_footer","meta":{"site-sidebar-layout":"no-sidebar","site-content-layout":"page-builder","ast-main-header-display":"","ast-hfb-above-header-display":"","ast-hfb-below-header-display":"","ast-hfb-mobile-header-display":"","site-post-title":"disabled","ast-breadcrumbs-content":"","ast-featured-img":"disabled","footer-sml-layout":"","theme-transparent-header-meta":"default","adv-header-id-meta":"","stick-header-meta":"","header-above-stick-meta":"","header-main-stick-meta":"","header-below-stick-meta":"","footnotes":""},"yst_prominent_words":[],"class_list":["post-176","page","type-page","status-publish","hentry"],"_links":{"self":[{"href":"https:\/\/sosalanfamar.com.br\/site\/wp-json\/wp\/v2\/pages\/176","targetHints":{"allow":["GET"]}}],"collection":[{"href":"https:\/\/sosalanfamar.com.br\/site\/wp-json\/wp\/v2\/pages"}],"about":[{"href":"https:\/\/sosalanfamar.com.br\/site\/wp-json\/wp\/v2\/types\/page"}],"author":[{"embeddable":true,"href":"https:\/\/sosalanfamar.com.br\/site\/wp-json\/wp\/v2\/users\/1"}],"replies":[{"embeddable":true,"href":"https:\/\/sosalanfamar.com.br\/site\/wp-json\/wp\/v2\/comments?post=176"}],"version-history":[{"count":8,"href":"https:\/\/sosalanfamar.com.br\/site\/wp-json\/wp\/v2\/pages\/176\/revisions"}],"predecessor-version":[{"id":259,"href":"https:\/\/sosalanfamar.com.br\/site\/wp-json\/wp\/v2\/pages\/176\/revisions\/259"}],"wp:attachment":[{"href":"https:\/\/sosalanfamar.com.br\/site\/wp-json\/wp\/v2\/media?parent=176"}],"wp:term":[{"taxonomy":"yst_prominent_words","embeddable":true,"href":"https:\/\/sosalanfamar.com.br\/site\/wp-json\/wp\/v2\/yst_prominent_words?post=176"}],"curies":[{"name":"wp","href":"https:\/\/api.w.org\/{rel}","templated":true}]}}